{"id":231,"date":"2025-09-02T07:32:01","date_gmt":"2025-09-02T07:32:01","guid":{"rendered":"https:\/\/japelj.si\/?page_id=231"},"modified":"2025-09-02T07:33:11","modified_gmt":"2025-09-02T07:33:11","slug":"povprasevanje","status":"publish","type":"page","link":"https:\/\/japelj.si\/index.php\/povprasevanje\/","title":{"rendered":"Povpra\u0161evanje"},"content":{"rendered":"\n<p class=\"has-medium-font-size\">Za povpra\u0161evanje za izdelavo rastlinjaka, \u0161otora, popravila ali najema dvigala (dvi\u017ene plo\u0161\u010dadi) prosimo izpolnite naslednji obrazec.<\/p>\n\n\n\n<div class=\"wp-block-contact-form-7-contact-form-selector\">\n<div class=\"wpcf7 no-js\" id=\"wpcf7-f5-o1\" lang=\"sl-SI\" dir=\"ltr\" data-wpcf7-id=\"5\">\n<div class=\"screen-reader-response\"><p role=\"status\" aria-live=\"polite\" aria-atomic=\"true\"><\/p> <ul><\/ul><\/div>\n<form action=\"\/index.php\/wp-json\/wp\/v2\/pages\/231#wpcf7-f5-o1\" method=\"post\" class=\"wpcf7-form init\" aria-label=\"Contact form\" novalidate=\"novalidate\" data-status=\"init\">\n<fieldset class=\"hidden-fields-container\"><input type=\"hidden\" name=\"_wpcf7\" value=\"5\" \/><input type=\"hidden\" name=\"_wpcf7_version\" value=\"6.1.1\" \/><input type=\"hidden\" name=\"_wpcf7_locale\" value=\"sl_SI\" \/><input type=\"hidden\" name=\"_wpcf7_unit_tag\" value=\"wpcf7-f5-o1\" \/><input type=\"hidden\" name=\"_wpcf7_container_post\" value=\"0\" \/><input type=\"hidden\" name=\"_wpcf7_posted_data_hash\" value=\"\" \/>\n<\/fieldset>\n<p><br \/>\nIme in priimek (obvezno)\n<\/p>\n<p><span class=\"wpcf7-form-control-wrap\" data-name=\"your-name\"><input size=\"40\" maxlength=\"400\" class=\"wpcf7-form-control wpcf7-text wpcf7-validates-as-required\" aria-required=\"true\" aria-invalid=\"false\" value=\"\" type=\"text\" name=\"your-name\" \/><\/span>\n<\/p>\n<p><br \/>\nE-mail (obvezno)\n<\/p>\n<p><span class=\"wpcf7-form-control-wrap\" data-name=\"your-email\"><input size=\"40\" maxlength=\"400\" class=\"wpcf7-form-control wpcf7-email wpcf7-validates-as-required wpcf7-text wpcf7-validates-as-email\" aria-required=\"true\" aria-invalid=\"false\" value=\"\" type=\"email\" name=\"your-email\" \/><\/span>\n<\/p>\n<p><br \/>\nTelefon\n<\/p>\n<p><span class=\"wpcf7-form-control-wrap\" data-name=\"your-phone\"><input size=\"40\" maxlength=\"400\" class=\"wpcf7-form-control wpcf7-tel wpcf7-text wpcf7-validates-as-tel\" aria-invalid=\"false\" value=\"\" type=\"tel\" name=\"your-phone\" \/><\/span>\n<\/p>\n<p><br \/>\nLokacija\n<\/p>\n<p><span class=\"wpcf7-form-control-wrap\" data-name=\"your-location\"><input size=\"40\" maxlength=\"400\" class=\"wpcf7-form-control wpcf7-text wpcf7-validates-as-required\" aria-required=\"true\" aria-invalid=\"false\" value=\"\" type=\"text\" name=\"your-location\" \/><\/span>\n<\/p>\n<p><br \/>\n<label> Ponudba<br \/>\n<span class=\"wpcf7-form-control-wrap\" data-name=\"offer-method\"><select class=\"wpcf7-form-control wpcf7-select wpcf7-validates-as-required\" aria-required=\"true\" aria-invalid=\"false\" name=\"offer-method\"><option value=\"Rastlinjak\">Rastlinjak<\/option><option value=\"\u0160otor\">\u0160otor<\/option><option value=\"Dvi\u017ene plo\u0161\u010dadi\">Dvi\u017ene plo\u0161\u010dadi<\/option><\/select><\/span> <\/label>\n<\/p>\n<p><br \/>\n<label> Na\u010din ponudbe<br \/>\n<span class=\"wpcf7-form-control-wrap\" data-name=\"offer-method\"><select class=\"wpcf7-form-control wpcf7-select wpcf7-validates-as-required\" aria-required=\"true\" aria-invalid=\"false\" name=\"offer-method\"><option value=\"E-mail\">E-mail<\/option><option value=\"Telefon\">Telefon<\/option><option value=\"Osebno sre\u010danje\">Osebno sre\u010danje<\/option><\/select><\/span> <\/label>\n<\/p>\n<p><br \/>\nSporo\u010dilo\n<\/p>\n<p><span class=\"wpcf7-form-control-wrap\" data-name=\"your-message\"><textarea cols=\"40\" rows=\"10\" maxlength=\"2000\" class=\"wpcf7-form-control wpcf7-textarea\" aria-invalid=\"false\" name=\"your-message\"><\/textarea><\/span>\n<\/p>\n<p><br \/>\n<input class=\"wpcf7-form-control wpcf7-submit has-spinner\" type=\"submit\" value=\"Po\u0161lji\" \/>\n<\/p><div class=\"wpcf7-response-output\" aria-hidden=\"true\"><\/div>\n<\/form>\n<\/div>\n<\/div>\n","protected":false},"excerpt":{"rendered":"<p>Za povpra\u0161evanje za izdelavo rastlinjaka, \u0161otora, popravila ali najema dvigala (dvi\u017ene plo\u0161\u010dadi) prosimo izpolnite naslednji obrazec.<\/p>\n","protected":false},"author":1,"featured_media":0,"parent":0,"menu_order":0,"comment_status":"closed","ping_status":"closed","template":"","meta":{"footnotes":""},"class_list":["post-231","page","type-page","status-publish","hentry"],"yoast_head":"<!-- This site is optimized with the Yoast SEO plugin v25.9 - https:\/\/yoast.com\/wordpress\/plugins\/seo\/ -->\n<title>Povpra\u0161evanje - Rastlinjaki Japelj<\/title>\n<meta name=\"robots\" content=\"index, follow, max-snippet:-1, max-image-preview:large, max-video-preview:-1\" \/>\n<link rel=\"canonical\" href=\"https:\/\/japelj.si\/index.php\/povprasevanje\/\" \/>\n<meta property=\"og:locale\" content=\"sl_SI\" \/>\n<meta property=\"og:type\" content=\"article\" \/>\n<meta property=\"og:title\" content=\"Povpra\u0161evanje - Rastlinjaki Japelj\" \/>\n<meta property=\"og:description\" content=\"Za povpra\u0161evanje za izdelavo rastlinjaka, \u0161otora, popravila ali najema dvigala (dvi\u017ene plo\u0161\u010dadi) prosimo izpolnite naslednji obrazec.\" \/>\n<meta property=\"og:url\" content=\"https:\/\/japelj.si\/index.php\/povprasevanje\/\" \/>\n<meta property=\"og:site_name\" content=\"Rastlinjaki Japelj\" \/>\n<meta property=\"article:modified_time\" content=\"2025-09-02T07:33:11+00:00\" \/>\n<meta name=\"twitter:card\" content=\"summary_large_image\" \/>\n<meta name=\"twitter:label1\" content=\"Est. reading time\" \/>\n\t<meta name=\"twitter:data1\" content=\"1 minuta\" \/>\n<script type=\"application\/ld+json\" class=\"yoast-schema-graph\">{\"@context\":\"https:\/\/schema.org\",\"@graph\":[{\"@type\":\"WebPage\",\"@id\":\"https:\/\/japelj.si\/index.php\/povprasevanje\/\",\"url\":\"https:\/\/japelj.si\/index.php\/povprasevanje\/\",\"name\":\"Povpra\u0161evanje - Rastlinjaki Japelj\",\"isPartOf\":{\"@id\":\"https:\/\/japelj.si\/#website\"},\"datePublished\":\"2025-09-02T07:32:01+00:00\",\"dateModified\":\"2025-09-02T07:33:11+00:00\",\"breadcrumb\":{\"@id\":\"https:\/\/japelj.si\/index.php\/povprasevanje\/#breadcrumb\"},\"inLanguage\":\"sl-SI\",\"potentialAction\":[{\"@type\":\"ReadAction\",\"target\":[\"https:\/\/japelj.si\/index.php\/povprasevanje\/\"]}]},{\"@type\":\"BreadcrumbList\",\"@id\":\"https:\/\/japelj.si\/index.php\/povprasevanje\/#breadcrumb\",\"itemListElement\":[{\"@type\":\"ListItem\",\"position\":1,\"name\":\"Home\",\"item\":\"https:\/\/japelj.si\/index.php\/home\/\"},{\"@type\":\"ListItem\",\"position\":2,\"name\":\"Povpra\u0161evanje\"}]},{\"@type\":\"WebSite\",\"@id\":\"https:\/\/japelj.si\/#website\",\"url\":\"https:\/\/japelj.si\/\",\"name\":\"Rastlinjaki Japelj\",\"description\":\"\",\"publisher\":{\"@id\":\"https:\/\/japelj.si\/#organization\"},\"potentialAction\":[{\"@type\":\"SearchAction\",\"target\":{\"@type\":\"EntryPoint\",\"urlTemplate\":\"https:\/\/japelj.si\/?s={search_term_string}\"},\"query-input\":{\"@type\":\"PropertyValueSpecification\",\"valueRequired\":true,\"valueName\":\"search_term_string\"}}],\"inLanguage\":\"sl-SI\"},{\"@type\":\"Organization\",\"@id\":\"https:\/\/japelj.si\/#organization\",\"name\":\"Rastlinjaki Japelj\",\"url\":\"https:\/\/japelj.si\/\",\"logo\":{\"@type\":\"ImageObject\",\"inLanguage\":\"sl-SI\",\"@id\":\"https:\/\/japelj.si\/#\/schema\/logo\/image\/\",\"url\":\"https:\/\/japelj.si\/wp-content\/uploads\/2025\/08\/logo_web-3.png\",\"contentUrl\":\"https:\/\/japelj.si\/wp-content\/uploads\/2025\/08\/logo_web-3.png\",\"width\":91,\"height\":76,\"caption\":\"Rastlinjaki Japelj\"},\"image\":{\"@id\":\"https:\/\/japelj.si\/#\/schema\/logo\/image\/\"}}]}<\/script>\n<!-- \/ Yoast SEO plugin. -->","yoast_head_json":{"title":"Povpra\u0161evanje - Rastlinjaki Japelj","robots":{"index":"index","follow":"follow","max-snippet":"max-snippet:-1","max-image-preview":"max-image-preview:large","max-video-preview":"max-video-preview:-1"},"canonical":"https:\/\/japelj.si\/index.php\/povprasevanje\/","og_locale":"sl_SI","og_type":"article","og_title":"Povpra\u0161evanje - Rastlinjaki Japelj","og_description":"Za povpra\u0161evanje za izdelavo rastlinjaka, \u0161otora, popravila ali najema dvigala (dvi\u017ene plo\u0161\u010dadi) prosimo izpolnite naslednji obrazec.","og_url":"https:\/\/japelj.si\/index.php\/povprasevanje\/","og_site_name":"Rastlinjaki Japelj","article_modified_time":"2025-09-02T07:33:11+00:00","twitter_card":"summary_large_image","twitter_misc":{"Est. reading time":"1 minuta"},"schema":{"@context":"https:\/\/schema.org","@graph":[{"@type":"WebPage","@id":"https:\/\/japelj.si\/index.php\/povprasevanje\/","url":"https:\/\/japelj.si\/index.php\/povprasevanje\/","name":"Povpra\u0161evanje - Rastlinjaki Japelj","isPartOf":{"@id":"https:\/\/japelj.si\/#website"},"datePublished":"2025-09-02T07:32:01+00:00","dateModified":"2025-09-02T07:33:11+00:00","breadcrumb":{"@id":"https:\/\/japelj.si\/index.php\/povprasevanje\/#breadcrumb"},"inLanguage":"sl-SI","potentialAction":[{"@type":"ReadAction","target":["https:\/\/japelj.si\/index.php\/povprasevanje\/"]}]},{"@type":"BreadcrumbList","@id":"https:\/\/japelj.si\/index.php\/povprasevanje\/#breadcrumb","itemListElement":[{"@type":"ListItem","position":1,"name":"Home","item":"https:\/\/japelj.si\/index.php\/home\/"},{"@type":"ListItem","position":2,"name":"Povpra\u0161evanje"}]},{"@type":"WebSite","@id":"https:\/\/japelj.si\/#website","url":"https:\/\/japelj.si\/","name":"Rastlinjaki Japelj","description":"","publisher":{"@id":"https:\/\/japelj.si\/#organization"},"potentialAction":[{"@type":"SearchAction","target":{"@type":"EntryPoint","urlTemplate":"https:\/\/japelj.si\/?s={search_term_string}"},"query-input":{"@type":"PropertyValueSpecification","valueRequired":true,"valueName":"search_term_string"}}],"inLanguage":"sl-SI"},{"@type":"Organization","@id":"https:\/\/japelj.si\/#organization","name":"Rastlinjaki Japelj","url":"https:\/\/japelj.si\/","logo":{"@type":"ImageObject","inLanguage":"sl-SI","@id":"https:\/\/japelj.si\/#\/schema\/logo\/image\/","url":"https:\/\/japelj.si\/wp-content\/uploads\/2025\/08\/logo_web-3.png","contentUrl":"https:\/\/japelj.si\/wp-content\/uploads\/2025\/08\/logo_web-3.png","width":91,"height":76,"caption":"Rastlinjaki Japelj"},"image":{"@id":"https:\/\/japelj.si\/#\/schema\/logo\/image\/"}}]}},"_links":{"self":[{"href":"https:\/\/japelj.si\/index.php\/wp-json\/wp\/v2\/pages\/231","targetHints":{"allow":["GET"]}}],"collection":[{"href":"https:\/\/japelj.si\/index.php\/wp-json\/wp\/v2\/pages"}],"about":[{"href":"https:\/\/japelj.si\/index.php\/wp-json\/wp\/v2\/types\/page"}],"author":[{"embeddable":true,"href":"https:\/\/japelj.si\/index.php\/wp-json\/wp\/v2\/users\/1"}],"replies":[{"embeddable":true,"href":"https:\/\/japelj.si\/index.php\/wp-json\/wp\/v2\/comments?post=231"}],"version-history":[{"count":2,"href":"https:\/\/japelj.si\/index.php\/wp-json\/wp\/v2\/pages\/231\/revisions"}],"predecessor-version":[{"id":235,"href":"https:\/\/japelj.si\/index.php\/wp-json\/wp\/v2\/pages\/231\/revisions\/235"}],"wp:attachment":[{"href":"https:\/\/japelj.si\/index.php\/wp-json\/wp\/v2\/media?parent=231"}],"curies":[{"name":"wp","href":"https:\/\/api.w.org\/{rel}","templated":true}]}}