{"id":151,"date":"2025-08-30T10:53:35","date_gmt":"2025-08-30T10:53:35","guid":{"rendered":"https:\/\/japelj.si\/?page_id=151"},"modified":"2025-09-02T08:22:10","modified_gmt":"2025-09-02T08:22:10","slug":"dvizne-ploscadi-in-kosare","status":"publish","type":"page","link":"https:\/\/japelj.si\/index.php\/dvizne-ploscadi-in-kosare\/","title":{"rendered":"Dvi\u017ene plo\u0161\u010dadi in ko\u0161are"},"content":{"rendered":"\n<p class=\"has-medium-font-size\">Ponujamo v <a href=\"https:\/\/japelj.si\/index.php\/povprasevanje\/\">najem<\/a> razli\u010dne dvi\u017ene plo\u0161\u010dadi<\/p>\n\n\n\n<p class=\"has-large-font-size\"><strong>JLG 1230ES<\/strong><\/p>\n\n\n\n<div class=\"wp-block-media-text is-stacked-on-mobile is-vertically-aligned-center\" style=\"grid-template-columns:40% auto\"><figure class=\"wp-block-media-text__media\"><img loading=\"lazy\" decoding=\"async\" width=\"576\" height=\"503\" src=\"https:\/\/japelj.si\/wp-content\/uploads\/2025\/08\/mala_1.jpg\" alt=\"JLG 1230ES\" class=\"wp-image-177 size-full\" srcset=\"https:\/\/japelj.si\/wp-content\/uploads\/2025\/08\/mala_1.jpg 576w, https:\/\/japelj.si\/wp-content\/uploads\/2025\/08\/mala_1-300x262.jpg 300w\" sizes=\"auto, (max-width: 576px) 100vw, 576px\" \/><\/figure><div class=\"wp-block-media-text__content\">\n<ul class=\"wp-block-list\">\n<li class=\"has-medium-font-size\">te\u017ea: 790 kg<\/li>\n\n\n\n<li class=\"has-medium-font-size\">delovna vi\u0161ina: 5,66m<\/li>\n\n\n\n<li class=\"has-medium-font-size\">mere platforme: 1,36 x 0,76 x 1,65 m<\/li>\n\n\n\n<li class=\"has-medium-font-size\">pogon: elektro<\/li>\n<\/ul>\n<\/div><\/div>\n\n\n\n<p class=\"has-large-font-size\"><strong>JLG 510AJ<\/strong><\/p>\n\n\n\n<div class=\"wp-block-media-text is-stacked-on-mobile\" style=\"grid-template-columns:40% auto\"><figure class=\"wp-block-media-text__media\"><img loading=\"lazy\" decoding=\"async\" width=\"1000\" height=\"1000\" src=\"https:\/\/japelj.si\/wp-content\/uploads\/2025\/08\/velika_1.jpg\" alt=\"JLG 510AJ\" class=\"wp-image-178 size-full\" srcset=\"https:\/\/japelj.si\/wp-content\/uploads\/2025\/08\/velika_1.jpg 1000w, https:\/\/japelj.si\/wp-content\/uploads\/2025\/08\/velika_1-300x300.jpg 300w, https:\/\/japelj.si\/wp-content\/uploads\/2025\/08\/velika_1-150x150.jpg 150w, https:\/\/japelj.si\/wp-content\/uploads\/2025\/08\/velika_1-768x768.jpg 768w\" sizes=\"auto, (max-width: 1000px) 100vw, 1000px\" \/><\/figure><div class=\"wp-block-media-text__content\">\n<ul class=\"wp-block-list\">\n<li class=\"has-medium-font-size\">te\u017ea: 7300 kg<\/li>\n\n\n\n<li class=\"has-medium-font-size\">delovna vi\u0161ina: 17,81 metra<\/li>\n\n\n\n<li class=\"has-medium-font-size\">horizontalni doseg: 9,5 metra<\/li>\n\n\n\n<li class=\"has-medium-font-size\">mere platforme: 1,83 x 0,76 metra (D,\u0160)<\/li>\n\n\n\n<li class=\"has-medium-font-size\">transportne mere: 7,77 x 2,35 x 2,27 metra (D,\u0160,V)<\/li>\n\n\n\n<li class=\"has-medium-font-size\">pogon: diesel<\/li>\n<\/ul>\n<\/div><\/div>\n\n\n\n<p class=\"has-large-font-size\"><strong>JLG 3246 ES<\/strong><\/p>\n\n\n\n<div class=\"wp-block-media-text is-stacked-on-mobile\" style=\"grid-template-columns:40% auto\"><figure class=\"wp-block-media-text__media\"><img loading=\"lazy\" decoding=\"async\" width=\"587\" height=\"524\" src=\"https:\/\/japelj.si\/wp-content\/uploads\/2025\/08\/mala_2.jpg\" alt=\"JLG 3246 ES\" class=\"wp-image-180 size-full\" srcset=\"https:\/\/japelj.si\/wp-content\/uploads\/2025\/08\/mala_2.jpg 587w, https:\/\/japelj.si\/wp-content\/uploads\/2025\/08\/mala_2-300x268.jpg 300w\" sizes=\"auto, (max-width: 587px) 100vw, 587px\" \/><\/figure><div class=\"wp-block-media-text__content\">\n<ul class=\"wp-block-list\">\n<li class=\"has-medium-font-size\">te\u017ea: 2549 kg<\/li>\n\n\n\n<li class=\"has-medium-font-size\">delovna vi\u0161ina: 11,80 metra<\/li>\n\n\n\n<li class=\"has-medium-font-size\">mere platforme: 2,50 x 1,17 x 2,01 metra (D,\u0160,V)<\/li>\n\n\n\n<li class=\"has-medium-font-size\">dol\u017eina podalj\u0161ka platforme: 0,91 metra<\/li>\n\n\n\n<li class=\"has-medium-font-size\">pogon: elektro<\/li>\n<\/ul>\n<\/div><\/div>\n\n\n\n<p class=\"has-large-font-size\"><strong>JLG 1930 ES<\/strong><\/p>\n\n\n\n<div class=\"wp-block-media-text is-stacked-on-mobile is-vertically-aligned-center\" style=\"grid-template-columns:40% auto\"><figure class=\"wp-block-media-text__media\"><img loading=\"lazy\" decoding=\"async\" width=\"740\" height=\"1024\" src=\"https:\/\/japelj.si\/wp-content\/uploads\/2025\/08\/1930.jpg\" alt=\"JLG 1930 ES\" class=\"wp-image-188 size-full\" srcset=\"https:\/\/japelj.si\/wp-content\/uploads\/2025\/08\/1930.jpg 740w, https:\/\/japelj.si\/wp-content\/uploads\/2025\/08\/1930-217x300.jpg 217w\" sizes=\"auto, (max-width: 740px) 100vw, 740px\" \/><\/figure><div class=\"wp-block-media-text__content\">\n<ul class=\"wp-block-list\">\n<li class=\"has-medium-font-size\">te\u017ea: 1565 kg<\/li>\n\n\n\n<li class=\"has-medium-font-size\">delovna vi\u0161ina: 7,7 metra<\/li>\n\n\n\n<li class=\"has-medium-font-size\">mere platforme: 1,70 x 0,81 x 1,99 metra (D,\u0160,V)<\/li>\n\n\n\n<li class=\"has-medium-font-size\">dol\u017eina podalj\u0161ka platforme: 0,90 metra<\/li>\n\n\n\n<li class=\"has-medium-font-size\">pogon: elektro<\/li>\n<\/ul>\n<\/div><\/div>\n\n\n\n<p class=\"has-large-font-size\"><strong>JLG 10 MSP<\/strong><\/p>\n\n\n\n<div class=\"wp-block-media-text is-stacked-on-mobile\" style=\"grid-template-columns:40% auto\"><figure class=\"wp-block-media-text__media\"><img loading=\"lazy\" decoding=\"async\" width=\"500\" height=\"773\" src=\"https:\/\/japelj.si\/wp-content\/uploads\/2025\/08\/jlg_10msp_2nd.jpg\" alt=\"JLG 10 MSP\" class=\"wp-image-193 size-full\" srcset=\"https:\/\/japelj.si\/wp-content\/uploads\/2025\/08\/jlg_10msp_2nd.jpg 500w, https:\/\/japelj.si\/wp-content\/uploads\/2025\/08\/jlg_10msp_2nd-194x300.jpg 194w\" sizes=\"auto, (max-width: 500px) 100vw, 500px\" \/><\/figure><div class=\"wp-block-media-text__content\">\n<ul class=\"wp-block-list\">\n<li class=\"has-medium-font-size\">te\u017ea: 555 kg<\/li>\n\n\n\n<li class=\"has-medium-font-size\">delovna vi\u0161ina: 5,05 metra<\/li>\n\n\n\n<li class=\"has-medium-font-size\">mere platforme: 0,69 x 0,50 x 1,45 metra (D,\u0160,V)<\/li>\n\n\n\n<li class=\"has-medium-font-size\">pogon: elektro<\/li>\n<\/ul>\n<\/div><\/div>\n","protected":false},"excerpt":{"rendered":"<p>Ponujamo v najem razli\u010dne dvi\u017ene plo\u0161\u010dadi JLG 1230ES JLG 510AJ JLG 3246 ES JLG 1930 ES JLG 10 MSP<\/p>\n","protected":false},"author":1,"featured_media":0,"parent":0,"menu_order":0,"comment_status":"closed","ping_status":"closed","template":"","meta":{"footnotes":""},"class_list":["post-151","page","type-page","status-publish","hentry"],"yoast_head":"<!-- This site is optimized with the Yoast SEO plugin v25.9 - https:\/\/yoast.com\/wordpress\/plugins\/seo\/ -->\n<title>Dvi\u017ene plo\u0161\u010dadi in ko\u0161are - Rastlinjaki Japelj<\/title>\n<meta name=\"robots\" content=\"index, follow, max-snippet:-1, max-image-preview:large, max-video-preview:-1\" \/>\n<link rel=\"canonical\" href=\"https:\/\/japelj.si\/index.php\/dvizne-ploscadi-in-kosare\/\" \/>\n<meta property=\"og:locale\" content=\"sl_SI\" \/>\n<meta property=\"og:type\" content=\"article\" \/>\n<meta property=\"og:title\" content=\"Dvi\u017ene plo\u0161\u010dadi in ko\u0161are - Rastlinjaki Japelj\" \/>\n<meta property=\"og:description\" content=\"Ponujamo v najem razli\u010dne dvi\u017ene plo\u0161\u010dadi JLG 1230ES JLG 510AJ JLG 3246 ES JLG 1930 ES JLG 10 MSP\" \/>\n<meta property=\"og:url\" content=\"https:\/\/japelj.si\/index.php\/dvizne-ploscadi-in-kosare\/\" \/>\n<meta property=\"og:site_name\" content=\"Rastlinjaki Japelj\" \/>\n<meta property=\"article:modified_time\" content=\"2025-09-02T08:22:10+00:00\" \/>\n<meta property=\"og:image\" content=\"https:\/\/japelj.si\/wp-content\/uploads\/2025\/08\/mala_1.jpg\" \/>\n\t<meta property=\"og:image:width\" content=\"576\" \/>\n\t<meta property=\"og:image:height\" content=\"503\" \/>\n\t<meta property=\"og:image:type\" content=\"image\/jpeg\" \/>\n<meta name=\"twitter:card\" content=\"summary_large_image\" \/>\n<meta name=\"twitter:label1\" content=\"Est. reading time\" \/>\n\t<meta name=\"twitter:data1\" content=\"2 minuti\" \/>\n<script type=\"application\/ld+json\" class=\"yoast-schema-graph\">{\"@context\":\"https:\/\/schema.org\",\"@graph\":[{\"@type\":\"WebPage\",\"@id\":\"https:\/\/japelj.si\/index.php\/dvizne-ploscadi-in-kosare\/\",\"url\":\"https:\/\/japelj.si\/index.php\/dvizne-ploscadi-in-kosare\/\",\"name\":\"Dvi\u017ene plo\u0161\u010dadi in ko\u0161are - Rastlinjaki Japelj\",\"isPartOf\":{\"@id\":\"https:\/\/japelj.si\/#website\"},\"primaryImageOfPage\":{\"@id\":\"https:\/\/japelj.si\/index.php\/dvizne-ploscadi-in-kosare\/#primaryimage\"},\"image\":{\"@id\":\"https:\/\/japelj.si\/index.php\/dvizne-ploscadi-in-kosare\/#primaryimage\"},\"thumbnailUrl\":\"https:\/\/japelj.si\/wp-content\/uploads\/2025\/08\/mala_1.jpg\",\"datePublished\":\"2025-08-30T10:53:35+00:00\",\"dateModified\":\"2025-09-02T08:22:10+00:00\",\"breadcrumb\":{\"@id\":\"https:\/\/japelj.si\/index.php\/dvizne-ploscadi-in-kosare\/#breadcrumb\"},\"inLanguage\":\"sl-SI\",\"potentialAction\":[{\"@type\":\"ReadAction\",\"target\":[\"https:\/\/japelj.si\/index.php\/dvizne-ploscadi-in-kosare\/\"]}]},{\"@type\":\"ImageObject\",\"inLanguage\":\"sl-SI\",\"@id\":\"https:\/\/japelj.si\/index.php\/dvizne-ploscadi-in-kosare\/#primaryimage\",\"url\":\"https:\/\/japelj.si\/wp-content\/uploads\/2025\/08\/mala_1.jpg\",\"contentUrl\":\"https:\/\/japelj.si\/wp-content\/uploads\/2025\/08\/mala_1.jpg\",\"width\":576,\"height\":503},{\"@type\":\"BreadcrumbList\",\"@id\":\"https:\/\/japelj.si\/index.php\/dvizne-ploscadi-in-kosare\/#breadcrumb\",\"itemListElement\":[{\"@type\":\"ListItem\",\"position\":1,\"name\":\"Home\",\"item\":\"https:\/\/japelj.si\/index.php\/home\/\"},{\"@type\":\"ListItem\",\"position\":2,\"name\":\"Dvi\u017ene plo\u0161\u010dadi in ko\u0161are\"}]},{\"@type\":\"WebSite\",\"@id\":\"https:\/\/japelj.si\/#website\",\"url\":\"https:\/\/japelj.si\/\",\"name\":\"Rastlinjaki Japelj\",\"description\":\"\",\"publisher\":{\"@id\":\"https:\/\/japelj.si\/#organization\"},\"potentialAction\":[{\"@type\":\"SearchAction\",\"target\":{\"@type\":\"EntryPoint\",\"urlTemplate\":\"https:\/\/japelj.si\/?s={search_term_string}\"},\"query-input\":{\"@type\":\"PropertyValueSpecification\",\"valueRequired\":true,\"valueName\":\"search_term_string\"}}],\"inLanguage\":\"sl-SI\"},{\"@type\":\"Organization\",\"@id\":\"https:\/\/japelj.si\/#organization\",\"name\":\"Rastlinjaki Japelj\",\"url\":\"https:\/\/japelj.si\/\",\"logo\":{\"@type\":\"ImageObject\",\"inLanguage\":\"sl-SI\",\"@id\":\"https:\/\/japelj.si\/#\/schema\/logo\/image\/\",\"url\":\"https:\/\/japelj.si\/wp-content\/uploads\/2025\/08\/logo_web-3.png\",\"contentUrl\":\"https:\/\/japelj.si\/wp-content\/uploads\/2025\/08\/logo_web-3.png\",\"width\":91,\"height\":76,\"caption\":\"Rastlinjaki Japelj\"},\"image\":{\"@id\":\"https:\/\/japelj.si\/#\/schema\/logo\/image\/\"}}]}<\/script>\n<!-- \/ Yoast SEO plugin. -->","yoast_head_json":{"title":"Dvi\u017ene plo\u0161\u010dadi in ko\u0161are - Rastlinjaki Japelj","robots":{"index":"index","follow":"follow","max-snippet":"max-snippet:-1","max-image-preview":"max-image-preview:large","max-video-preview":"max-video-preview:-1"},"canonical":"https:\/\/japelj.si\/index.php\/dvizne-ploscadi-in-kosare\/","og_locale":"sl_SI","og_type":"article","og_title":"Dvi\u017ene plo\u0161\u010dadi in ko\u0161are - Rastlinjaki Japelj","og_description":"Ponujamo v najem razli\u010dne dvi\u017ene plo\u0161\u010dadi JLG 1230ES JLG 510AJ JLG 3246 ES JLG 1930 ES JLG 10 MSP","og_url":"https:\/\/japelj.si\/index.php\/dvizne-ploscadi-in-kosare\/","og_site_name":"Rastlinjaki Japelj","article_modified_time":"2025-09-02T08:22:10+00:00","og_image":[{"width":576,"height":503,"url":"https:\/\/japelj.si\/wp-content\/uploads\/2025\/08\/mala_1.jpg","type":"image\/jpeg"}],"twitter_card":"summary_large_image","twitter_misc":{"Est. reading time":"2 minuti"},"schema":{"@context":"https:\/\/schema.org","@graph":[{"@type":"WebPage","@id":"https:\/\/japelj.si\/index.php\/dvizne-ploscadi-in-kosare\/","url":"https:\/\/japelj.si\/index.php\/dvizne-ploscadi-in-kosare\/","name":"Dvi\u017ene plo\u0161\u010dadi in ko\u0161are - Rastlinjaki Japelj","isPartOf":{"@id":"https:\/\/japelj.si\/#website"},"primaryImageOfPage":{"@id":"https:\/\/japelj.si\/index.php\/dvizne-ploscadi-in-kosare\/#primaryimage"},"image":{"@id":"https:\/\/japelj.si\/index.php\/dvizne-ploscadi-in-kosare\/#primaryimage"},"thumbnailUrl":"https:\/\/japelj.si\/wp-content\/uploads\/2025\/08\/mala_1.jpg","datePublished":"2025-08-30T10:53:35+00:00","dateModified":"2025-09-02T08:22:10+00:00","breadcrumb":{"@id":"https:\/\/japelj.si\/index.php\/dvizne-ploscadi-in-kosare\/#breadcrumb"},"inLanguage":"sl-SI","potentialAction":[{"@type":"ReadAction","target":["https:\/\/japelj.si\/index.php\/dvizne-ploscadi-in-kosare\/"]}]},{"@type":"ImageObject","inLanguage":"sl-SI","@id":"https:\/\/japelj.si\/index.php\/dvizne-ploscadi-in-kosare\/#primaryimage","url":"https:\/\/japelj.si\/wp-content\/uploads\/2025\/08\/mala_1.jpg","contentUrl":"https:\/\/japelj.si\/wp-content\/uploads\/2025\/08\/mala_1.jpg","width":576,"height":503},{"@type":"BreadcrumbList","@id":"https:\/\/japelj.si\/index.php\/dvizne-ploscadi-in-kosare\/#breadcrumb","itemListElement":[{"@type":"ListItem","position":1,"name":"Home","item":"https:\/\/japelj.si\/index.php\/home\/"},{"@type":"ListItem","position":2,"name":"Dvi\u017ene plo\u0161\u010dadi in ko\u0161are"}]},{"@type":"WebSite","@id":"https:\/\/japelj.si\/#website","url":"https:\/\/japelj.si\/","name":"Rastlinjaki Japelj","description":"","publisher":{"@id":"https:\/\/japelj.si\/#organization"},"potentialAction":[{"@type":"SearchAction","target":{"@type":"EntryPoint","urlTemplate":"https:\/\/japelj.si\/?s={search_term_string}"},"query-input":{"@type":"PropertyValueSpecification","valueRequired":true,"valueName":"search_term_string"}}],"inLanguage":"sl-SI"},{"@type":"Organization","@id":"https:\/\/japelj.si\/#organization","name":"Rastlinjaki Japelj","url":"https:\/\/japelj.si\/","logo":{"@type":"ImageObject","inLanguage":"sl-SI","@id":"https:\/\/japelj.si\/#\/schema\/logo\/image\/","url":"https:\/\/japelj.si\/wp-content\/uploads\/2025\/08\/logo_web-3.png","contentUrl":"https:\/\/japelj.si\/wp-content\/uploads\/2025\/08\/logo_web-3.png","width":91,"height":76,"caption":"Rastlinjaki Japelj"},"image":{"@id":"https:\/\/japelj.si\/#\/schema\/logo\/image\/"}}]}},"_links":{"self":[{"href":"https:\/\/japelj.si\/index.php\/wp-json\/wp\/v2\/pages\/151","targetHints":{"allow":["GET"]}}],"collection":[{"href":"https:\/\/japelj.si\/index.php\/wp-json\/wp\/v2\/pages"}],"about":[{"href":"https:\/\/japelj.si\/index.php\/wp-json\/wp\/v2\/types\/page"}],"author":[{"embeddable":true,"href":"https:\/\/japelj.si\/index.php\/wp-json\/wp\/v2\/users\/1"}],"replies":[{"embeddable":true,"href":"https:\/\/japelj.si\/index.php\/wp-json\/wp\/v2\/comments?post=151"}],"version-history":[{"count":25,"href":"https:\/\/japelj.si\/index.php\/wp-json\/wp\/v2\/pages\/151\/revisions"}],"predecessor-version":[{"id":239,"href":"https:\/\/japelj.si\/index.php\/wp-json\/wp\/v2\/pages\/151\/revisions\/239"}],"wp:attachment":[{"href":"https:\/\/japelj.si\/index.php\/wp-json\/wp\/v2\/media?parent=151"}],"curies":[{"name":"wp","href":"https:\/\/api.w.org\/{rel}","templated":true}]}}