{"id":13,"date":"2025-08-30T07:19:16","date_gmt":"2025-08-30T07:19:16","guid":{"rendered":"https:\/\/japelj.si\/index.php\/contact\/"},"modified":"2025-09-02T07:32:38","modified_gmt":"2025-09-02T07:32:38","slug":"contact","status":"publish","type":"page","link":"https:\/\/japelj.si\/index.php\/contact\/","title":{"rendered":"Kontaktirajte nas!"},"content":{"rendered":"\n<p class=\"has-medium-font-size\">Poleg rastlinjakov izdelujemo tudi posamezne konstrukcije, kot so \u0161otori, ter varimo cerade po meri. Svoje znanje nenehno nadgrajujemo in sledim novostim na podro\u010dju sodobnih re\u0161itev za vrtnarjenje.<\/p>\n\n\n\n<p class=\"has-medium-font-size\">Po \u017eelji lahko izdelamo tudi rastlinjake s samodejnim odpiranjem ali drugimi avtomatiziranimi funkcijami, ki poenostavijo delo in pove\u010dajo u\u010dinkovitost.<\/p>\n\n\n\n<p class=\"has-medium-font-size\">\u010ce i\u0161\u010dete zanesljivega in izku\u0161enega izvajalca za va\u0161 projekt, smo pravi naslov za Vas.<\/p>\n\n\n\n<p class=\"has-medium-font-size\">Kontaktirate nas lahko preko emaila, telefona ali <a href=\"https:\/\/japelj.si\/index.php\/povprasevanje\/\">kontaktnega obrazca<\/a>.<\/p>\n\n\n\n<p class=\"has-medium-font-size\">Kontakt: <\/p>\n\n\n\n<p class=\"has-medium-font-size\"><strong>e-mail: <a href=\"mailto:info@japelj.si\">info@japelj.si<\/a><\/strong><\/p>\n\n\n\n<p class=\"has-medium-font-size\"><strong>telefon:<\/strong> <a href=\"http:\/\/031 474 315\">&nbsp;<strong>03<\/strong><\/a><strong><a href=\"tel:031 474 315\">1 474 315<\/a><\/strong><\/p>\n\n\n\n<p><\/p>\n","protected":false},"excerpt":{"rendered":"<p>Poleg rastlinjakov izdelujemo tudi posamezne konstrukcije, kot so \u0161otori, ter varimo cerade po meri. Svoje znanje nenehno nadgrajujemo in sledim novostim na podro\u010dju sodobnih re\u0161itev za vrtnarjenje. Po \u017eelji lahko izdelamo tudi rastlinjake s samodejnim odpiranjem ali drugimi avtomatiziranimi funkcijami, ki poenostavijo delo in pove\u010dajo u\u010dinkovitost. \u010ce i\u0161\u010dete zanesljivega in izku\u0161enega izvajalca za va\u0161 projekt, [&hellip;]<\/p>\n","protected":false},"author":1,"featured_media":0,"parent":0,"menu_order":0,"comment_status":"closed","ping_status":"closed","template":"","meta":{"footnotes":""},"class_list":["post-13","page","type-page","status-publish","hentry"],"yoast_head":"<!-- This site is optimized with the Yoast SEO plugin v25.9 - https:\/\/yoast.com\/wordpress\/plugins\/seo\/ -->\n<title>Kontaktirajte nas! - Rastlinjaki Japelj<\/title>\n<meta name=\"robots\" content=\"index, follow, max-snippet:-1, max-image-preview:large, max-video-preview:-1\" \/>\n<link rel=\"canonical\" href=\"https:\/\/japelj.si\/index.php\/contact\/\" \/>\n<meta property=\"og:locale\" content=\"sl_SI\" \/>\n<meta property=\"og:type\" content=\"article\" \/>\n<meta property=\"og:title\" content=\"Kontaktirajte nas! - Rastlinjaki Japelj\" \/>\n<meta property=\"og:description\" content=\"Poleg rastlinjakov izdelujemo tudi posamezne konstrukcije, kot so \u0161otori, ter varimo cerade po meri. Svoje znanje nenehno nadgrajujemo in sledim novostim na podro\u010dju sodobnih re\u0161itev za vrtnarjenje. Po \u017eelji lahko izdelamo tudi rastlinjake s samodejnim odpiranjem ali drugimi avtomatiziranimi funkcijami, ki poenostavijo delo in pove\u010dajo u\u010dinkovitost. \u010ce i\u0161\u010dete zanesljivega in izku\u0161enega izvajalca za va\u0161 projekt, [&hellip;]\" \/>\n<meta property=\"og:url\" content=\"https:\/\/japelj.si\/index.php\/contact\/\" \/>\n<meta property=\"og:site_name\" content=\"Rastlinjaki Japelj\" \/>\n<meta property=\"article:modified_time\" content=\"2025-09-02T07:32:38+00:00\" \/>\n<meta name=\"twitter:card\" content=\"summary_large_image\" \/>\n<meta name=\"twitter:label1\" content=\"Est. reading time\" \/>\n\t<meta name=\"twitter:data1\" content=\"1 minuta\" \/>\n<script type=\"application\/ld+json\" class=\"yoast-schema-graph\">{\"@context\":\"https:\/\/schema.org\",\"@graph\":[{\"@type\":\"WebPage\",\"@id\":\"https:\/\/japelj.si\/index.php\/contact\/\",\"url\":\"https:\/\/japelj.si\/index.php\/contact\/\",\"name\":\"Kontaktirajte nas! - Rastlinjaki Japelj\",\"isPartOf\":{\"@id\":\"https:\/\/japelj.si\/#website\"},\"datePublished\":\"2025-08-30T07:19:16+00:00\",\"dateModified\":\"2025-09-02T07:32:38+00:00\",\"breadcrumb\":{\"@id\":\"https:\/\/japelj.si\/index.php\/contact\/#breadcrumb\"},\"inLanguage\":\"sl-SI\",\"potentialAction\":[{\"@type\":\"ReadAction\",\"target\":[\"https:\/\/japelj.si\/index.php\/contact\/\"]}]},{\"@type\":\"BreadcrumbList\",\"@id\":\"https:\/\/japelj.si\/index.php\/contact\/#breadcrumb\",\"itemListElement\":[{\"@type\":\"ListItem\",\"position\":1,\"name\":\"Home\",\"item\":\"https:\/\/japelj.si\/index.php\/home\/\"},{\"@type\":\"ListItem\",\"position\":2,\"name\":\"Kontaktirajte nas!\"}]},{\"@type\":\"WebSite\",\"@id\":\"https:\/\/japelj.si\/#website\",\"url\":\"https:\/\/japelj.si\/\",\"name\":\"Rastlinjaki Japelj\",\"description\":\"\",\"publisher\":{\"@id\":\"https:\/\/japelj.si\/#organization\"},\"potentialAction\":[{\"@type\":\"SearchAction\",\"target\":{\"@type\":\"EntryPoint\",\"urlTemplate\":\"https:\/\/japelj.si\/?s={search_term_string}\"},\"query-input\":{\"@type\":\"PropertyValueSpecification\",\"valueRequired\":true,\"valueName\":\"search_term_string\"}}],\"inLanguage\":\"sl-SI\"},{\"@type\":\"Organization\",\"@id\":\"https:\/\/japelj.si\/#organization\",\"name\":\"Rastlinjaki Japelj\",\"url\":\"https:\/\/japelj.si\/\",\"logo\":{\"@type\":\"ImageObject\",\"inLanguage\":\"sl-SI\",\"@id\":\"https:\/\/japelj.si\/#\/schema\/logo\/image\/\",\"url\":\"https:\/\/japelj.si\/wp-content\/uploads\/2025\/08\/logo_web-3.png\",\"contentUrl\":\"https:\/\/japelj.si\/wp-content\/uploads\/2025\/08\/logo_web-3.png\",\"width\":91,\"height\":76,\"caption\":\"Rastlinjaki Japelj\"},\"image\":{\"@id\":\"https:\/\/japelj.si\/#\/schema\/logo\/image\/\"}}]}<\/script>\n<!-- \/ Yoast SEO plugin. -->","yoast_head_json":{"title":"Kontaktirajte nas! - Rastlinjaki Japelj","robots":{"index":"index","follow":"follow","max-snippet":"max-snippet:-1","max-image-preview":"max-image-preview:large","max-video-preview":"max-video-preview:-1"},"canonical":"https:\/\/japelj.si\/index.php\/contact\/","og_locale":"sl_SI","og_type":"article","og_title":"Kontaktirajte nas! - Rastlinjaki Japelj","og_description":"Poleg rastlinjakov izdelujemo tudi posamezne konstrukcije, kot so \u0161otori, ter varimo cerade po meri. Svoje znanje nenehno nadgrajujemo in sledim novostim na podro\u010dju sodobnih re\u0161itev za vrtnarjenje. Po \u017eelji lahko izdelamo tudi rastlinjake s samodejnim odpiranjem ali drugimi avtomatiziranimi funkcijami, ki poenostavijo delo in pove\u010dajo u\u010dinkovitost. \u010ce i\u0161\u010dete zanesljivega in izku\u0161enega izvajalca za va\u0161 projekt, [&hellip;]","og_url":"https:\/\/japelj.si\/index.php\/contact\/","og_site_name":"Rastlinjaki Japelj","article_modified_time":"2025-09-02T07:32:38+00:00","twitter_card":"summary_large_image","twitter_misc":{"Est. reading time":"1 minuta"},"schema":{"@context":"https:\/\/schema.org","@graph":[{"@type":"WebPage","@id":"https:\/\/japelj.si\/index.php\/contact\/","url":"https:\/\/japelj.si\/index.php\/contact\/","name":"Kontaktirajte nas! - Rastlinjaki Japelj","isPartOf":{"@id":"https:\/\/japelj.si\/#website"},"datePublished":"2025-08-30T07:19:16+00:00","dateModified":"2025-09-02T07:32:38+00:00","breadcrumb":{"@id":"https:\/\/japelj.si\/index.php\/contact\/#breadcrumb"},"inLanguage":"sl-SI","potentialAction":[{"@type":"ReadAction","target":["https:\/\/japelj.si\/index.php\/contact\/"]}]},{"@type":"BreadcrumbList","@id":"https:\/\/japelj.si\/index.php\/contact\/#breadcrumb","itemListElement":[{"@type":"ListItem","position":1,"name":"Home","item":"https:\/\/japelj.si\/index.php\/home\/"},{"@type":"ListItem","position":2,"name":"Kontaktirajte nas!"}]},{"@type":"WebSite","@id":"https:\/\/japelj.si\/#website","url":"https:\/\/japelj.si\/","name":"Rastlinjaki Japelj","description":"","publisher":{"@id":"https:\/\/japelj.si\/#organization"},"potentialAction":[{"@type":"SearchAction","target":{"@type":"EntryPoint","urlTemplate":"https:\/\/japelj.si\/?s={search_term_string}"},"query-input":{"@type":"PropertyValueSpecification","valueRequired":true,"valueName":"search_term_string"}}],"inLanguage":"sl-SI"},{"@type":"Organization","@id":"https:\/\/japelj.si\/#organization","name":"Rastlinjaki Japelj","url":"https:\/\/japelj.si\/","logo":{"@type":"ImageObject","inLanguage":"sl-SI","@id":"https:\/\/japelj.si\/#\/schema\/logo\/image\/","url":"https:\/\/japelj.si\/wp-content\/uploads\/2025\/08\/logo_web-3.png","contentUrl":"https:\/\/japelj.si\/wp-content\/uploads\/2025\/08\/logo_web-3.png","width":91,"height":76,"caption":"Rastlinjaki Japelj"},"image":{"@id":"https:\/\/japelj.si\/#\/schema\/logo\/image\/"}}]}},"_links":{"self":[{"href":"https:\/\/japelj.si\/index.php\/wp-json\/wp\/v2\/pages\/13","targetHints":{"allow":["GET"]}}],"collection":[{"href":"https:\/\/japelj.si\/index.php\/wp-json\/wp\/v2\/pages"}],"about":[{"href":"https:\/\/japelj.si\/index.php\/wp-json\/wp\/v2\/types\/page"}],"author":[{"embeddable":true,"href":"https:\/\/japelj.si\/index.php\/wp-json\/wp\/v2\/users\/1"}],"replies":[{"embeddable":true,"href":"https:\/\/japelj.si\/index.php\/wp-json\/wp\/v2\/comments?post=13"}],"version-history":[{"count":12,"href":"https:\/\/japelj.si\/index.php\/wp-json\/wp\/v2\/pages\/13\/revisions"}],"predecessor-version":[{"id":234,"href":"https:\/\/japelj.si\/index.php\/wp-json\/wp\/v2\/pages\/13\/revisions\/234"}],"wp:attachment":[{"href":"https:\/\/japelj.si\/index.php\/wp-json\/wp\/v2\/media?parent=13"}],"curies":[{"name":"wp","href":"https:\/\/api.w.org\/{rel}","templated":true}]}}